{"id":661,"date":"2023-06-21T14:42:31","date_gmt":"2023-06-21T12:42:31","guid":{"rendered":"http:\/\/sophromichele.fr\/?page_id=661"},"modified":"2023-10-08T12:08:56","modified_gmt":"2023-10-08T10:08:56","slug":"carnet-de-deuil","status":"publish","type":"page","link":"http:\/\/sophromichele.fr\/index.php\/carnet-de-deuil\/","title":{"rendered":"Carnet de Deuil"},"content":{"rendered":"\t\t<div data-elementor-type=\"wp-page\" data-elementor-id=\"661\" class=\"elementor elementor-661\">\n\t\t\t\t\t\t<section class=\"elementor-section elementor-top-section elementor-element elementor-element-08b5cb4 elementor-section-boxed elementor-section-height-default elementor-section-height-default\" data-id=\"08b5cb4\" data-element_type=\"section\" data-e-type=\"section\">\n\t\t\t\t\t\t<div class=\"elementor-container elementor-column-gap-default\">\n\t\t\t\t\t<div class=\"elementor-column elementor-col-100 elementor-top-column elementor-element elementor-element-5643713\" data-id=\"5643713\" data-element_type=\"column\" data-e-type=\"column\">\n\t\t\t<div class=\"elementor-widget-wrap elementor-element-populated\">\n\t\t\t\t\t\t<div class=\"elementor-element elementor-element-5998733 elementor-drop-cap-yes elementor-drop-cap-view-default elementor-widget elementor-widget-text-editor\" data-id=\"5998733\" data-element_type=\"widget\" data-e-type=\"widget\" data-settings=\"{&quot;drop_cap&quot;:&quot;yes&quot;}\" data-widget_type=\"text-editor.default\">\n\t\t\t\t<div class=\"elementor-widget-container\">\n\t\t\t\t\t\t\t\t\t<p><span class=\"elementor-drop-cap\"><span class=\"elementor-drop-cap-letter\">L<\/span><\/span>e deuil est le moment o\u00f9 l\u2019on doit\u00a0<strong>s\u2019adapter au manque, \u00e0 l\u2019absence.\u00a0<\/strong>Nous sommes tous, au cours de notre vie, appel\u00e9s \u00e0 vivre des deuils.<\/p><p>Perte d\u2019un proche, d\u2019emploi, de statut, d\u2019autonomie, de capacit\u00e9s \u2026\u00a0 changement d\u2019une situation (d\u00e9m\u00e9nagement, enfant quittant le nid familial \u2026), rupture sentimentale, familiale, ou encore amicale \u2026\u00a0<\/p><p>Certains deuils restent tr\u00e8s pr\u00e9sents et le chemin \u00e0 traverser peut s\u2019av\u00e9rer \u00eatre long et douloureux.<\/p><p>Le deuil est un chemin et il se traverse en se remettant doucement en mouvement, pas apr\u00e8s pas.\u00a0<\/p><p>Les ateliers de \u00ab\u00a0carnet de deuil\u00a0\u00bb permettent d\u2019accomplir le rite de passage que n\u00e9cessite le deuil.<\/p><p>Les diff\u00e9rentes phases du deuil sont explor\u00e9es avec les outils du \u00a9 journal cr\u00e9atif et des techniques de carnet d\u2019artistes.\u00a0<\/p><p><strong>L\u2019objectif de l\u2019atelier<\/strong>\u00a0est de mettre en mot, en image, en forme, le v\u00e9cu du deuil et d\u2019installer page apr\u00e8s page de la s\u00e9r\u00e9nit\u00e9 et de la paix en soi.<\/p><p>Le carnet devient un v\u00e9ritable livre objet, contenant artistique du travail psychique r\u00e9alis\u00e9.\u00a0<\/p><p>Cet atelier s\u2019adresse aux personnes vivant une situation de deuil.<\/p><p><strong>Il propose de :<\/strong>\u00a0<\/p><ul><li>Accepter la r\u00e9alit\u00e9 du deuil<\/li><li>Vivre\/exprimer la douleur du deuil<\/li><li>Cr\u00e9er un livre objet, symbole du sacr\u00e9 du deuil et du chemin travers\u00e9 \u00a0<\/li><\/ul><p>J\u2019ai \u00e9t\u00e9 form\u00e9e par\u00a0<strong>Nathalie HANOT<\/strong>, psychologue. Elle a elle m\u00eame \u00e9labor\u00e9 cette m\u00e9thode d\u2019accompagnement au deuil.\u00a0<\/p><p><strong>Cette m\u00e9thode permet d\u2019exprimer, de vivre le deuil en profondeur<\/strong>\u00a0par le biais de cr\u00e9ation de pages artistiques symboliques invitant \u00e0\u00a0<strong>se lib\u00e9rer et int\u00e9grer la perte<\/strong>\u00a0tout en\u00a0<strong>lui accordant et gardant la valeur sacr\u00e9e qu\u2019elle peut repr\u00e9senter.\u00a0<\/strong><\/p><p><strong>Cadres des s\u00e9ances :<\/strong><\/p><p>Je propose ces ateliers\u00a0<strong>individuellement, ou en petit groupe<\/strong>\u00a0(le travail reste r\u00e9alis\u00e9 de mani\u00e8re individuel, et personnel).\u00a0Cela n\u2019est pas un groupe de parole.\u00a0<\/p><p>Vous serez guid\u00e9 par des consignes claires et contenantes.<\/p><p><strong>Aucune pr\u00e9disposition artistique n\u2019est n\u00e9cessaire.\u00a0<\/strong><\/p><p>Tout\u00a0<strong>le mat\u00e9riel est fourni<\/strong>\u00a0(en dehors de quelques apports personnels, comme par exemple documents et photos relatifs au deuil).<\/p><p>Pages apr\u00e8s pages, les diff\u00e9rentes phases du deuil sont explor\u00e9es.<\/p>\t\t\t\t\t\t\t\t<\/div>\n\t\t\t\t<\/div>\n\t\t\t\t\t<\/div>\n\t\t<\/div>\n\t\t\t\t\t<\/div>\n\t\t<\/section>\n\t\t\t\t<section class=\"elementor-section elementor-top-section elementor-element elementor-element-c0f315e elementor-section-boxed elementor-section-height-default elementor-section-height-default\" data-id=\"c0f315e\" data-element_type=\"section\" data-e-type=\"section\">\n\t\t\t\t\t\t<div class=\"elementor-container elementor-column-gap-default\">\n\t\t\t\t\t<div class=\"elementor-column elementor-col-100 elementor-top-column elementor-element elementor-element-b289775\" data-id=\"b289775\" data-element_type=\"column\" data-e-type=\"column\">\n\t\t\t<div class=\"elementor-widget-wrap elementor-element-populated\">\n\t\t\t\t\t\t<div class=\"elementor-element elementor-element-2200389 elementor-widget elementor-widget-video\" data-id=\"2200389\" data-element_type=\"widget\" data-e-type=\"widget\" data-settings=\"{&quot;youtube_url&quot;:&quot;https:\\\/\\\/youtu.be\\\/ZqnIrWsLCRI?si=ppX1nUelvXu-WP5u&quot;,&quot;video_type&quot;:&quot;youtube&quot;,&quot;controls&quot;:&quot;yes&quot;}\" data-widget_type=\"video.default\">\n\t\t\t\t<div class=\"elementor-widget-container\">\n\t\t\t\t\t\t\t<div class=\"elementor-wrapper elementor-open-inline\">\n\t\t\t<div class=\"elementor-video\"><\/div>\t\t<\/div>\n\t\t\t\t\t\t<\/div>\n\t\t\t\t<\/div>\n\t\t\t\t\t<\/div>\n\t\t<\/div>\n\t\t\t\t\t<\/div>\n\t\t<\/section>\n\t\t\t\t<\/div>\n\t\t","protected":false},"excerpt":{"rendered":"<p>Le deuil est le moment o\u00f9 l\u2019on doit\u00a0s\u2019adapter au manque, \u00e0 l\u2019absence.\u00a0Nous sommes tous, au cours de notre vie, appel\u00e9s \u00e0 vivre des deuils. Perte d\u2019un proche, d\u2019emploi, de statut, d\u2019autonomie, de capacit\u00e9s \u2026\u00a0 changement d\u2019une situation (d\u00e9m\u00e9nagement, enfant quittant le nid familial \u2026), rupture sentimentale, familiale, ou encore amicale \u2026\u00a0 Certains deuils restent tr\u00e8s pr\u00e9sents et le chemin \u00e0 traverser peut s\u2019av\u00e9rer \u00eatre long et douloureux. Le deuil est un chemin et il se traverse en se remettant doucement en mouvement, pas apr\u00e8s pas.\u00a0 Les ateliers de \u00ab\u00a0carnet de deuil\u00a0\u00bb permettent d\u2019accomplir le rite de passage que n\u00e9cessite le deuil. Les diff\u00e9rentes phases du deuil sont explor\u00e9es avec les outils du \u00a9 journal cr\u00e9atif et des techniques de carnet d\u2019artistes.\u00a0 L\u2019objectif de l\u2019atelier\u00a0est de mettre en mot, en image, en forme, le v\u00e9cu du deuil et d\u2019installer page apr\u00e8s page de la s\u00e9r\u00e9nit\u00e9 et de la paix en soi. Le carnet devient un v\u00e9ritable livre objet, contenant artistique du travail psychique r\u00e9alis\u00e9.\u00a0 Cet atelier s\u2019adresse aux personnes vivant une situation de deuil. Il propose de :\u00a0 Accepter la r\u00e9alit\u00e9 du deuil Vivre\/exprimer la douleur du deuil Cr\u00e9er un livre objet, symbole du sacr\u00e9 du deuil et du chemin travers\u00e9 \u00a0 J\u2019ai \u00e9t\u00e9 form\u00e9e par\u00a0Nathalie HANOT, psychologue. Elle a elle m\u00eame \u00e9labor\u00e9 cette m\u00e9thode d\u2019accompagnement au deuil.\u00a0 Cette m\u00e9thode permet d\u2019exprimer, de vivre le deuil en profondeur\u00a0par le biais de cr\u00e9ation de pages artistiques symboliques invitant \u00e0\u00a0se lib\u00e9rer et int\u00e9grer la perte\u00a0tout en\u00a0lui accordant et gardant la valeur sacr\u00e9e qu\u2019elle peut repr\u00e9senter.\u00a0 Cadres des s\u00e9ances : Je propose ces ateliers\u00a0individuellement, ou en petit groupe\u00a0(le travail reste r\u00e9alis\u00e9 de mani\u00e8re individuel, et personnel).\u00a0Cela n\u2019est pas un groupe de parole.\u00a0 Vous serez guid\u00e9 par des consignes claires et contenantes. Aucune pr\u00e9disposition artistique n\u2019est n\u00e9cessaire.\u00a0 Tout\u00a0le mat\u00e9riel est fourni\u00a0(en dehors de quelques apports personnels, comme par exemple documents et photos relatifs au deuil). Pages apr\u00e8s pages, les diff\u00e9rentes phases du deuil sont explor\u00e9es. https:\/\/youtu.be\/ZqnIrWsLCRI?si=ppX1nUelvXu-WP5u<\/p>\n","protected":false},"author":1,"featured_media":0,"parent":0,"menu_order":0,"comment_status":"closed","ping_status":"closed","template":"","meta":{"footnotes":""},"class_list":["post-661","page","type-page","status-publish","hentry"],"_links":{"self":[{"href":"http:\/\/sophromichele.fr\/index.php\/wp-json\/wp\/v2\/pages\/661","targetHints":{"allow":["GET"]}}],"collection":[{"href":"http:\/\/sophromichele.fr\/index.php\/wp-json\/wp\/v2\/pages"}],"about":[{"href":"http:\/\/sophromichele.fr\/index.php\/wp-json\/wp\/v2\/types\/page"}],"author":[{"embeddable":true,"href":"http:\/\/sophromichele.fr\/index.php\/wp-json\/wp\/v2\/users\/1"}],"replies":[{"embeddable":true,"href":"http:\/\/sophromichele.fr\/index.php\/wp-json\/wp\/v2\/comments?post=661"}],"version-history":[{"count":7,"href":"http:\/\/sophromichele.fr\/index.php\/wp-json\/wp\/v2\/pages\/661\/revisions"}],"predecessor-version":[{"id":1078,"href":"http:\/\/sophromichele.fr\/index.php\/wp-json\/wp\/v2\/pages\/661\/revisions\/1078"}],"wp:attachment":[{"href":"http:\/\/sophromichele.fr\/index.php\/wp-json\/wp\/v2\/media?parent=661"}],"curies":[{"name":"wp","href":"https:\/\/api.w.org\/{rel}","templated":true}]}}